 (-13 + 16).
-1
What is 5 + 5 + -11 + 5 + -3?
1
Calculate 4 + -5 - -1 - -2.
2
(-13 - -1) + (113 - 91)
10
Evaluate -6 - -15 - 11 - (3 - 1).
-4
What is (-1 + -2 - (3 + 4)) + 4?
-6
Calculate (-3 - -4) + -4 + 7.
4
What is 1 - (-4 + (0 - 0)) - 8?
-3
Calculate 7 - (4 - (0 + -4) - 2).
1
Calculate -9 - (2 + (-10 - (-1 - 1))).
-3
Calculate 1 + 0 - (-4 - -8 - 1).
-2
What is the value of (-9 + -4 - -9) + 4?
0
What is the value of 0 + 3 - (-1 - 0)?
4
Evaluate 3 + 0 - (-32 - -37).
-2
Evaluate -4 - (2 - (-2 + 5 - 2)).
-5
-1 + 3 - (-69 + 68)
3
What is the value of 2 - (-1 + 1) - (1 + 2)?
-1
What is -2 - (3 + (0 - -2) + -3)?
-4
Calculate (-5 + 4 - 3) + 3 + -1.
-2
-8 + (7 - 0) + (3 - -1)
3
What is -4 + 9 - (2 - 1)?
4
Calculate 13 + (-11 - -6) - 1.
7
What is 3 - (17 + -8) - -6?
0
What is the value of (-3 - (5 + -4)) + 3?
-1
What is -1 - (-9 - (-9 - -1))?
0
What is 2 + (-3 + -2 - -6)?
3
What is the value of 1 + 0 - (-2 + 7)?
-4
Evaluate (-12 - -6) + 2 - -6.
2
Evaluate (1 - (1 + 0)) + -2.
-2
What is (-3 - 0) + 2 + 1 + -5?
-5
Calculate 0 + 0 + -2 + 4 + -2.
0
Calculate (-19 - -2) + 14 + (-5 - 1).
-9
Evaluate -1 + -1 - 0 - -2.
0
Evaluate -2 + -1 - (-5 - -1).
1
What is the value of 0 - (5 + 6 - 10)?
-1
What is (0 + 5 - 3) + 0 + 1?
3
Calculate -4 - 2 - (8 + -7 - 3).
-4
What is the value of 9 + (17 + -10 - 11)?
5
What is -2 - (0 - (-1 + 0))?
-3
Evaluate (-6 - (3 + -8)) + -3 + 8.
4
What is 51 + -50 + 0 + 3 + -1?
3
What is the value of 5 + (1 - 2) + (0 - 0)?
4
1 - (10 - (-10 - -9))
-10
Calculate -1 - (3 - 6) - -2.
4
What is the value of 2 + 0 - (-7 + 6)?
3
What is the value of 0 + (-5 - -1) + 12 + -3?
5
Calculate 19 + -14 + (0 - 0).
5
Calculate 6 - 4 - (-3 + 3 + 2).
0
-3 - (5 - -2 - 11)
1
What is the value of -2 + -4 + -1 + 2 + 9?
4
Calculate -2 - 1 - -6 - (3 + -1).
1
Calculate (1 - 5) + (9 - 8) + 5.
2
Evaluate (11 - 13) + 7 + -9.
-4
Calculate -3 + -12 + 7 + -6 + 5.
-9
What is 0 + (-6 - -5) + (1 - -1)?
1
Evaluate 44 + -50 + (2 + -2 - 0).
-6
What is (15 + -3 - 8) + 0?
4
What is the value of 1 - (3 + 2 + -2)?
-2
What is the value of (8 - (-12 - -7)) + -10?
3
What is -4 + (5 + 1 - 6)?
-4
5 + (11 - 9) + -1
6
Calculate (6 - 11) + (2 + -2 - -6).
1
Evaluate 4 - -3 - 12 - -4.
-1
Calculate 0 + (11 - 9) + 6.
8
Calculate (7 - -4) + -17 + 7.
1
What is 0 - ((-4 - -5) + -1)?
0
Evaluate 6 + -12 + -3 + 7.
-2
What is the value of (-5 - -8) + -6 + 1?
-2
Calculate 1 + -6 + 34 + -33.
-4
What is -16 + 17 + -6 - (1 + -5)?
-1
-8 + 12 + -7 + -1 - -4
0
Calculate -10 + 14 - (-3 + (2 - -8)).
-3
Evaluate -1 + 14 - (152 - 145).
6
What is the value of 12 - 9 - (-1 + 1 + 0)?
3
What is the value of (-9 - -16 - 2) + (2 - 3)?
4
Calculate (16 - 28) + (10 - 0).
-2
Evaluate 8 + -4 + -7 - -4 - -4.
5
What is -7 + 1 - (-14 - -6)?
2
2 - -2 - (11 + -3)
-4
3 - (1 + -1) - (-7 - -10)
0
What is the value of (5 + 1 + -1 - 7) + 0?
-2
What is 1 - -5 - (6 - (7 - 1))?
6
What is -3 - -4 - (0 - -4)?
-3
What is (0 + 10 - (69 - 71)) + -4?
8
Calculate 2 - (1 + 11 + (9 - 14)).
-5
Calculate 5 + -4 + 0 + 4.
5
Calculate (3 - (-3 + 2)) + -2.
2
Evaluate 8 + 0 + -3 - 5.
0
What is 2 + (1 + 3 - 7)?
-1
What is 4 + (-15 - -5) + 5?
-1
Evaluate 3 + -4 + 4 + 1.
4
Calculate -3 + 10 + 2 + -2.
7
What is -6 + (-6 - 0 - (6 + -26))?
8
What is the value of 1 + (7 - 3) + -2?
3
2 - (6 + -2 - (1 - -5))
4
What is the value of 0 + 1 + -5 + 2?
-2
What is -16 + 17 - (-2 - -2)?
1
Evaluate 1 + 1 + -5 + (3 - 1).
-1
0 + 5 - ((-5 - -18) + -4)
-4
What is the value of -36 - -36 - (0 + -1)?
1
What is the value of -12 + 2 + 13 - 9?
-6
What is (1 + -2 - (-1 - -5)) + 3?
-2
Calculate 4 - (2 - (-3 + (-5 - -9))).
3
-3 + -1 - (17 - 22)
1
What is the value of -1 + -1 + 4 + 2 + 4?
8
Evaluate -7 + 6 + 1 + 2.
2
What is the value of (-2 - -1) + -1 - -1?
-1
Evaluate 2 + (6 - 5) - 2.
1
2 + 1 + -11 + 6
-2
-1 + 6 + 0 + -2
3
What is the value of -1 + 7 + (-35 - -26)?
-3
What is -5 - ((-2 - 0) + -6 + 8)?
-5
Evaluate 2 - (-2 - 2 - -5).
1
Calculate 2 - 9 - (1 - (13 - 9)).
-4
Calculate 3 + (-3 + 1 - 0) + 4.
5
Calculate -46 + 44 + -1 + 8.
5
-7 + (19 - (1 - -5))
6
What is the value of -4 + 3 - (-3 - -1) - 1?
0
Evaluate -5 - (-1 - 5) - (-2 - -1).
2
Calculate 1 - (-2 + -1 - 1).
5
Evaluate 0 + 4 + -4 - (-3 + 0).
3
What is (-6 - -1) + (28 - 27)?
-4
What is 1 - (1 + 2) - 3 - -8?
3
Evaluate 6 + -1 - (12 - 8).
1
-61 + 55 - (-1 - (2 + -3))
-6
2 + (-10 - -8) + 1
1
Calculate -3 + -16 + 8 + 16.
5
Evaluate -7 + 8 - (-2 + -3) - 2.
4
-1 - (3 + -3 + -1 + 1)
-1
What is 17 + -25 - (2 + -1 + -12)?
3
Evaluate (-4 - 0) + -1 + 3 - 3.
-5
Calculate -3 + -2 - (13 + -13).
-5
Evaluate 4 - 7 - -3 - -1 - -1.
2
What is the value of 0 - -7 - (16 - (25 + -14))?
2
(0 - 1) + 6 + 0
5
What is the value of 42 + -45 - (-1 + (-2 - 1))?
1
What is the value of 1 + (9 - 9) - (0 + -4)?
5
What is 18 - (-10 - -9 - -12)?
7
Evaluate (-8 - -2) + 1 + -11 + 11.
-5
What is the value of 1 - -1 - (6 + -7 - 3)?
6
Calculate 2 - 4 - -5 - 0.
3
Evaluate (-1 - 1) + -2 - (-5 - -5).
-4
1 + -4 + (8 - 5)
0
Evaluate 1 - (4 - (-1 + 6 - 1)).
1
4 + -6 - -5 - 1
2
What is (-1 - (-6 + 5)) + 2 + 2?
4
Evaluate (0 - (0 + 0)) + -2 + -2.
-4
Calculate 0 + (-11 - (-3 + -1) - -2).
-5
Evaluate -2 - 1 - 3 - (-1 + 0).
-5
Calculate -12 + 1 + 10 + -1 + -4.
-6
What is 1 + (5 - 12) + 4?
-2
Evaluate 2 - (12 + -4) - (-4 + 6).
-8
Evaluate 6 + -2 + (3 - 5).
2
Evaluate (7 - (14 + -1)) + 0.
-6
What is (-2 - 0) + 0 + 3?
1
What is the value of (9 - 11 - -7) + (-3 - -4)?
6
Evaluate 2 + (-2 - (6 + -4)).
-2
Evaluate 10 + -1 + (-1 - 7).
1
Calculate (-4 - (-9 + (-3 - -7))) + -6.
-5
Evaluate -5 + -1 + 0 - -6.
0
What is 1 - (-3 - (-8 + -4 + 9))?
1
What is 8 - (3 - (-1 - 2))?
2
Calculate 3 - (-3 - (-6 + (3 - 1))).
2
Calculate -3 + 1 - -4 - (6 + 0).
-4
What is (-5 - -2 - -4) + 1?
2
What is the value of -2 + 9 + -2 - -1?
6
Evaluate (-1 - -3) + (1 - 7) + 2.
-2
What is 1 + -4 + 33 + -26?
4
What is the value of -1 + (1 - 1 - 1) + -1?
-3
What is 2 - 11 - (-1 + (0 - 4))?
-4
What is 39 + -42 + (-1 - 2 - 0)?
-6
What is the value of 5 + 9 - (17 - 9)?
6
Evaluate (0 - 1 - (16 + -10)) + 0.
-7
Evaluate 1 - (0 + -1 + 2 + 0).
0
Evaluate (5 - 6 - 12) + 13.
0
What is 6 - (0 + -2) - 7?
1
Evaluate 0 - (2 + 0) - (10 + -16).
4
Calculate (0 - 7) + 5 + -1 + 1.
-2
What is the value of -11 + (5 - 1) + 7 - -3?
3
((-6 - -5) + -2 - -5) + -5
-3
-12 + 1 + -1 - (-131 + 126)
-7
(-6 - -2) + -1 + 2
-3
What is the value of 1 + 3 + 2 - (-101 - -105)?
2
Evaluate (-1 - 3) + 3 - (20 + -13).
-8
What is (-1 - (6 + 1)) + (501 - 487)?
6
Evaluate 0 + -1 - 5 - (-84 + 80).
-2
What is the value of 3 + -8 + 6 + 0?
1
What is 1 - (1 + -3 - (-4 - -3))?
2
What is the value of 1 + 3 - (1 + 4)?
-1
Calculate -4 - (-5 + 9) - -1.
-7
What is the value of (-1 - 1) + (-37 - -40)?
1
What is 10 - 7 - (-1 + 6)?
-2
Calculate 1 - (12 + (-10 - -3)).
-4
What is -3 - (3 + -4 - 3)?
1
-2 - (-3 + -1 + 6)
-4
What is 0 - (-4 - (-4 - -3))?
3
What is -5 - (0 - 5) - 3?
-3
Calculate -5 - (-1 + 0 + -2 + 1).
-3
(6 - (2 - (8 - 7))) + -7
-2
Evaluate -3 + (2 - (3 + -4 - 2)).
2
What is the value of -4 - (-4 + 4) - -3 - -3?
2
What is -1 + (-1 - (3 - -5 - 8))?
-2
Evaluate 1 + (0 - (-6 + 2)).
5
What is -2 - ((1 - 4) + -4)?
5
-4 + (-1 - (-8 - -3))
0
Calculate (1 - 1 - (-22 + 20)) + -2.
0
What is the value of (-3 - (5 + 3)) + 7?
-4
Calculate 32 - 46 - (-4 - (0 - -1)).
-9
(5 - 5) + -9 + 1 + 6
-2
(-2 - -1) + 4 + -17 + 17
3
What is 9 - 3 - (-1 + -1 + 3)?
5
What is -5 + (1 + 2 - (-5 + 5))?
-2
10 - (-13 - -2 - -11)
10
Evaluate -4 - (7 + -3 + -10 + 3).
-1
What is (-13 - (-9 - -4)) + (-1 - -7)?
-2
0 + (9 - 10) + 5
4
-7 + (2 - 1) + 9
3
What is the value of -5 + (6 - -7) + -2 + 0?
6
-1 + 3 + (-14 - -2) + 6
-4
(-5 - (-3 - 6)) + -4
0
What is 3 + 4 + (13 - 18)?
2
5 + -10 + -1 + 4 - 0
-2
What is 4 + -8 - (-12 - -1)?
7
What is 11 - 5 - 1 - 4?
1
5 - -2 - (-12 + 20)
-1
Calculate (0 - (2 + 7)) + (1 - -4).
-4
What is 1 + -1 - (2 - (5 + 0))?
3
Calculate 4 - 3 - (6 - 1).
-4
Calculate (-1 - (0 - -2 - 0)) + 2.
-1
Calculate (-1 - -3 - 0) + 3 + -8.
-3
Calculate (-3 + 5 + -9 - -4) + -3.
-6
What is the value of 3 + (-2 - 1 - 2) - 6?
-8
What is the value of 0 - (0 - (16 - 6))?
10
Calculate -6 + 6 + -4 + 1.
-3
Calculate 2 - (2 + 0 - -4).
-4
Calculate (4 - 0 - 1) + 4 - 2.
5
What is the value of -14 - -2 - (69 + -80)?
-1
Calculate -1 - (-7 - (-9 - 5)) - -1.
-7
What is 10 - ((1 - -13) + -7)?
3
